{"id":393,"date":"2023-06-21T07:07:13","date_gmt":"2023-06-21T07:07:13","guid":{"rendered":"https:\/\/staging.ass.ulm.schule\/?page_id=393"},"modified":"2023-11-28T17:00:13","modified_gmt":"2023-11-28T17:00:13","slug":"smv","status":"publish","type":"page","link":"https:\/\/asg-ulm.de\/index.php\/smv\/","title":{"rendered":"SMV"},"content":{"rendered":"\n<div class=\"wp-block-columns is-layout-flex wp-container-core-columns-is-layout-28f84493 wp-block-columns-is-layout-flex\">\n<div class=\"wp-block-column is-layout-flow wp-block-column-is-layout-flow\">\n<figure class=\"wp-block-image size-large is-resized\"><img loading=\"lazy\" decoding=\"async\" width=\"768\" height=\"1024\" src=\"https:\/\/asg-ulm.de\/wp-content\/uploads\/2023\/11\/Schuelersprecher-768x1024.jpg\" alt=\"\" class=\"wp-image-1688\" style=\"width:479px;height:auto\" srcset=\"https:\/\/asg-ulm.de\/wp-content\/uploads\/2023\/11\/Schuelersprecher-768x1024.jpg 768w, https:\/\/asg-ulm.de\/wp-content\/uploads\/2023\/11\/Schuelersprecher-225x300.jpg 225w, https:\/\/asg-ulm.de\/wp-content\/uploads\/2023\/11\/Schuelersprecher-1152x1536.jpg 1152w, https:\/\/asg-ulm.de\/wp-content\/uploads\/2023\/11\/Schuelersprecher-1536x2048.jpg 1536w, https:\/\/asg-ulm.de\/wp-content\/uploads\/2023\/11\/Schuelersprecher-scaled.jpg 1920w\" sizes=\"auto, (max-width: 768px) 100vw, 768px\" \/><\/figure>\n<\/div>\n\n\n\n<div class=\"wp-block-column is-layout-flow wp-block-column-is-layout-flow\">\n<figure class=\"wp-block-image size-full\"><img loading=\"lazy\" decoding=\"async\" width=\"656\" height=\"664\" src=\"https:\/\/asg-ulm.de\/wp-content\/uploads\/2023\/11\/SMV-Lehrer-neu.jpg\" alt=\"\" class=\"wp-image-1693\" srcset=\"https:\/\/asg-ulm.de\/wp-content\/uploads\/2023\/11\/SMV-Lehrer-neu.jpg 656w, https:\/\/asg-ulm.de\/wp-content\/uploads\/2023\/11\/SMV-Lehrer-neu-296x300.jpg 296w\" sizes=\"auto, (max-width: 656px) 100vw, 656px\" \/><\/figure>\n<\/div>\n<\/div>\n\n\n\n<div style=\"height:60px\" aria-hidden=\"true\" class=\"wp-block-spacer\"><\/div>\n\n\n\n<p>Die <strong>S<\/strong>ch\u00fcler<strong>M<\/strong>it<strong>V<\/strong>erantwortung ist ein wichtiges Bindeglied zwischen den Lernenden, Lehrerinnen und Lehrern sowie der Schulleitung, um gemeinsam das Schulleben zu gestalten. Alle gew\u00e4hlten Klassensprecherinnen und Klassensprecher geh\u00f6ren zur SMV. Die Schulsprecherinnen und die Schulsprecher sind automatisch ein Teil dieser. Unsere diesj\u00e4hrigen <strong>Schulsprecher<\/strong> sind <strong>Lina Werner und Emre Tok.<\/strong><\/p>\n\n\n\n<p>Grunds\u00e4tzlich bietet die SMV den Lernenden die M\u00f6glichkeit, sich aktiv am Schulleben zu beteiligen und dar\u00fcber hinaus aktiv das Schulleben zu formen. Somit steht die Mitgestaltung durch jeden Einzelnen im Vordergrund. Die direkten Ansprechpartner sind die <strong>SMV-Lehrer Herr Mele und Frau Altinok<\/strong>.<\/p>\n\n\n\n<p>Regelm\u00e4\u00dfige Aktionen der SMV, die das Schulleben attraktiver machen, sind zum Beispiel die Mottotage, der Adventskalender oder auch der Wintersporttag. Jedoch plant die SMV auch jedes Schuljahr neue Veranstaltungen wie das Public Viewing zur Fu\u00dfballweltmeisterschaft. Dieses Jahr hat die SMV einen <a href=\"https:\/\/asg-ulm.de\/index.php\/baeckerverkauf\/\">B\u00e4ckerverkauf<\/a> f\u00fcr dienstags und donnerstags organisiert, das hei\u00dft, dass sich die Sch\u00fclerinnen und Sch\u00fcler in der ersten gro\u00dfen Pause ein frisches Fr\u00fchst\u00fcck kaufen k\u00f6nnen.<\/p>\n\n\n\n<div class=\"wp-block-columns is-layout-flex wp-container-core-columns-is-layout-28f84493 wp-block-columns-is-layout-flex\"><\/div>\n\n\n\n<div class=\"wp-block-columns is-layout-flex wp-container-core-columns-is-layout-28f84493 wp-block-columns-is-layout-flex\"><\/div>\n\n\n\n<div class=\"wp-block-columns is-layout-flex wp-container-core-columns-is-layout-28f84493 wp-block-columns-is-layout-flex\"><\/div>\n\n\n\n<div class=\"wp-block-columns is-layout-flex wp-container-core-columns-is-layout-28f84493 wp-block-columns-is-layout-flex\"><\/div>\n\n\n\n<div class=\"wp-block-columns is-layout-flex wp-container-core-columns-is-layout-28f84493 wp-block-columns-is-layout-flex\"><\/div>\n\n\n\n<div class=\"wp-block-columns is-layout-flex wp-container-core-columns-is-layout-28f84493 wp-block-columns-is-layout-flex\"><\/div>\n","protected":false},"excerpt":{"rendered":"<p>Die Sch\u00fclerMitVerantwortung ist ein wichtiges Bindeglied zwischen den Lernenden, Lehrerinnen und Lehrern sowie der Schulleitung, um gemeinsam das Schulleben zu gestalten. Alle gew\u00e4hlten Klassensprecherinnen und Klassensprecher geh\u00f6ren zur SMV. Die Schulsprecherinnen und die Schulsprecher sind automatisch ein Teil dieser. Unsere diesj\u00e4hrigen Schulsprecher sind Lina Werner und Emre Tok. Grunds\u00e4tzlich bietet die SMV den Lernenden die [&hellip;]<\/p>\n","protected":false},"author":2,"featured_media":0,"parent":0,"menu_order":0,"comment_status":"closed","ping_status":"closed","template":"","meta":{"site-sidebar-layout":"default","site-content-layout":"","ast-site-content-layout":"default","site-content-style":"default","site-sidebar-style":"default","ast-global-header-display":"","ast-banner-title-visibility":"","ast-main-header-display":"","ast-hfb-above-header-display":"","ast-hfb-below-header-display":"","ast-hfb-mobile-header-display":"","site-post-title":"","ast-breadcrumbs-content":"","ast-featured-img":"","footer-sml-layout":"","ast-disable-related-posts":"","theme-transparent-header-meta":"","adv-header-id-meta":"","stick-header-meta":"","header-above-stick-meta":"","header-main-stick-meta":"","header-below-stick-meta":"","astra-migrate-meta-layouts":"set","ast-page-background-enabled":"default","ast-page-background-meta":{"desktop":{"background-color":"var(--ast-global-color-4)","background-image":"","background-repeat":"repeat","background-position":"center center","background-size":"auto","background-attachment":"scroll","background-type":"","background-media":"","overlay-type":"","overlay-color":"","overlay-opacity":"","overlay-gradient":""},"tablet":{"background-color":"","background-image":"","background-repeat":"repeat","background-position":"center center","background-size":"auto","background-attachment":"scroll","background-type":"","background-media":"","overlay-type":"","overlay-color":"","overlay-opacity":"","overlay-gradient":""},"mobile":{"background-color":"","background-image":"","background-repeat":"repeat","background-position":"center center","background-size":"auto","background-attachment":"scroll","background-type":"","background-media":"","overlay-type":"","overlay-color":"","overlay-opacity":"","overlay-gradient":""}},"ast-content-background-meta":{"desktop":{"background-color":"var(--ast-global-color-5)","background-image":"","background-repeat":"repeat","background-position":"center center","background-size":"auto","background-attachment":"scroll","background-type":"","background-media":"","overlay-type":"","overlay-color":"","overlay-opacity":"","overlay-gradient":""},"tablet":{"background-color":"var(--ast-global-color-5)","background-image":"","background-repeat":"repeat","background-position":"center center","background-size":"auto","background-attachment":"scroll","background-type":"","background-media":"","overlay-type":"","overlay-color":"","overlay-opacity":"","overlay-gradient":""},"mobile":{"background-color":"var(--ast-global-color-5)","background-image":"","background-repeat":"repeat","background-position":"center center","background-size":"auto","background-attachment":"scroll","background-type":"","background-media":"","overlay-type":"","overlay-color":"","overlay-opacity":"","overlay-gradient":""}},"_themeisle_gutenberg_block_has_review":false,"_mc_calendar":[],"footnotes":""},"class_list":["post-393","page","type-page","status-publish","hentry"],"_links":{"self":[{"href":"https:\/\/asg-ulm.de\/index.php\/wp-json\/wp\/v2\/pages\/393","targetHints":{"allow":["GET"]}}],"collection":[{"href":"https:\/\/asg-ulm.de\/index.php\/wp-json\/wp\/v2\/pages"}],"about":[{"href":"https:\/\/asg-ulm.de\/index.php\/wp-json\/wp\/v2\/types\/page"}],"author":[{"embeddable":true,"href":"https:\/\/asg-ulm.de\/index.php\/wp-json\/wp\/v2\/users\/2"}],"replies":[{"embeddable":true,"href":"https:\/\/asg-ulm.de\/index.php\/wp-json\/wp\/v2\/comments?post=393"}],"version-history":[{"count":20,"href":"https:\/\/asg-ulm.de\/index.php\/wp-json\/wp\/v2\/pages\/393\/revisions"}],"predecessor-version":[{"id":1911,"href":"https:\/\/asg-ulm.de\/index.php\/wp-json\/wp\/v2\/pages\/393\/revisions\/1911"}],"wp:attachment":[{"href":"https:\/\/asg-ulm.de\/index.php\/wp-json\/wp\/v2\/media?parent=393"}],"curies":[{"name":"wp","href":"https:\/\/api.w.org\/{rel}","templated":true}]}}

<div class="wp-block-columns is-layout-flex wp-container-core-columns-is-layout-28f84493 wp-block-columns-is-layout-flex">
<div class="wp-block-column is-layout-flow wp-block-column-is-layout-flow">
<figure class="wp-block-image size-large is-resized"><img loading="lazy" decoding="async" width="768" height="1024" src="https://asg-ulm.de/wp-content/uploads/2023/11/Schuelersprecher-768x1024.jpg" alt="" class="wp-image-1688" style="width:479px;height:auto" srcset="https://asg-ulm.de/wp-content/uploads/2023/11/Schuelersprecher-768x1024.jpg 768w, https://asg-ulm.de/wp-content/uploads/2023/11/Schuelersprecher-225x300.jpg 225w, https://asg-ulm.de/wp-content/uploads/2023/11/Schuelersprecher-1152x1536.jpg 1152w, https://asg-ulm.de/wp-content/uploads/2023/11/Schuelersprecher-1536x2048.jpg 1536w, https://asg-ulm.de/wp-content/uploads/2023/11/Schuelersprecher-scaled.jpg 1920w" sizes="auto, (max-width: 768px) 100vw, 768px" /></figure>
</div>



<div class="wp-block-column is-layout-flow wp-block-column-is-layout-flow">
<figure class="wp-block-image size-full"><img loading="lazy" decoding="async" width="656" height="664" src="https://asg-ulm.de/wp-content/uploads/2023/11/SMV-Lehrer-neu.jpg" alt="" class="wp-image-1693" srcset="https://asg-ulm.de/wp-content/uploads/2023/11/SMV-Lehrer-neu.jpg 656w, https://asg-ulm.de/wp-content/uploads/2023/11/SMV-Lehrer-neu-296x300.jpg 296w" sizes="auto, (max-width: 656px) 100vw, 656px" /></figure>
</div>
</div>



<div style="height:60px" aria-hidden="true" class="wp-block-spacer"></div>



<p>Die <strong>S</strong>chüler<strong>M</strong>it<strong>V</strong>erantwortung ist ein wichtiges Bindeglied zwischen den Lernenden, Lehrerinnen und Lehrern sowie der Schulleitung, um gemeinsam das Schulleben zu gestalten. Alle gewählten Klassensprecherinnen und Klassensprecher gehören zur SMV. Die Schulsprecherinnen und die Schulsprecher sind automatisch ein Teil dieser. Unsere diesjährigen <strong>Schulsprecher</strong> sind <strong>Lina Werner und Emre Tok.</strong></p>



<p>Grundsätzlich bietet die SMV den Lernenden die Möglichkeit, sich aktiv am Schulleben zu beteiligen und darüber hinaus aktiv das Schulleben zu formen. Somit steht die Mitgestaltung durch jeden Einzelnen im Vordergrund. Die direkten Ansprechpartner sind die <strong>SMV-Lehrer Herr Mele und Frau Altinok</strong>.</p>



<p>Regelmäßige Aktionen der SMV, die das Schulleben attraktiver machen, sind zum Beispiel die Mottotage, der Adventskalender oder auch der Wintersporttag. Jedoch plant die SMV auch jedes Schuljahr neue Veranstaltungen wie das Public Viewing zur Fußballweltmeisterschaft. Dieses Jahr hat die SMV einen <a href="https://asg-ulm.de/index.php/baeckerverkauf/">Bäckerverkauf</a> für dienstags und donnerstags organisiert, das heißt, dass sich die Schülerinnen und Schüler in der ersten großen Pause ein frisches Frühstück kaufen können.</p>



<div class="wp-block-columns is-layout-flex wp-container-core-columns-is-layout-28f84493 wp-block-columns-is-layout-flex"></div>



<div class="wp-block-columns is-layout-flex wp-container-core-columns-is-layout-28f84493 wp-block-columns-is-layout-flex"></div>



<div class="wp-block-columns is-layout-flex wp-container-core-columns-is-layout-28f84493 wp-block-columns-is-layout-flex"></div>



<div class="wp-block-columns is-layout-flex wp-container-core-columns-is-layout-28f84493 wp-block-columns-is-layout-flex"></div>



<div class="wp-block-columns is-layout-flex wp-container-core-columns-is-layout-28f84493 wp-block-columns-is-layout-flex"></div>



<div class="wp-block-columns is-layout-flex wp-container-core-columns-is-layout-28f84493 wp-block-columns-is-layout-flex"></div>

<p>Die SchülerMitVerantwortung ist ein wichtiges Bindeglied zwischen den Lernenden, Lehrerinnen und Lehrern sowie der Schulleitung, um gemeinsam das Schulleben zu gestalten. Alle gewählten Klassensprecherinnen und Klassensprecher gehören zur SMV. Die Schulsprecherinnen und die Schulsprecher sind automatisch ein Teil dieser. Unsere diesjährigen Schulsprecher sind Lina Werner und Emre Tok. Grundsätzlich bietet die SMV den Lernenden die [&hellip;]</p>
