{"id":1642,"date":"2023-11-24T10:39:22","date_gmt":"2023-11-24T10:39:22","guid":{"rendered":"https:\/\/staging.ass.ulm.schule\/?page_id=1642"},"modified":"2026-01-09T08:06:16","modified_gmt":"2026-01-09T08:06:16","slug":"formulare","status":"publish","type":"page","link":"https:\/\/asg-ulm.de\/index.php\/formulare\/","title":{"rendered":"Formulare\/Downloads"},"content":{"rendered":"\n<div class=\"wp-block-columns is-layout-flex wp-container-core-columns-is-layout-28f84493 wp-block-columns-is-layout-flex\">\n<div class=\"wp-block-column is-layout-flow wp-block-column-is-layout-flow\">\n<div class=\"wp-block-file\"><a id=\"wp-block-file--media-ead9858f-ef33-4fe3-a1d8-7b54d9b59db3\" href=\"https:\/\/asg-ulm.de\/wp-content\/uploads\/2025\/12\/2021-09-09-Neue-Schulordnung-Endfassung_2024_25.pdf\">2021-09-09 Neue Schulordnung<\/a><\/div>\n\n\n\n<div class=\"wp-block-file\"><a id=\"wp-block-file--media-d4b2adae-bded-4f89-a953-a4ca1615a4ce\" href=\"https:\/\/asg-ulm.de\/wp-content\/uploads\/2026\/01\/02-INFORMATION-I-GS-I-NOV-2025-1.pdf\">02 INFORMATION I GS I NOV 2025<\/a><\/div>\n\n\n\n<div class=\"wp-block-file\"><a id=\"wp-block-file--media-a97c3249-6d6e-42f2-b719-d32ad2903c97\" href=\"https:\/\/asg-ulm.de\/wp-content\/uploads\/2026\/01\/02-INFORMATION-I-SEK-I-NOV-2025.-1.pdf\">02 INFORMATION I SEK I NOV 2025<\/a><\/div>\n\n\n\n<div class=\"wp-block-file\"><a id=\"wp-block-file--media-4064ce45-1b41-48c3-9ef4-f0396c4da7dc\" href=\"https:\/\/asg-ulm.de\/wp-content\/uploads\/2025\/11\/Antrag_Beurlaubung_2025.pdf\">Antrag_Beurlaubung_2025<\/a><\/div>\n\n\n\n<div class=\"wp-block-file\"><a id=\"wp-block-file--media-da31af3a-457e-44a6-8007-b4ddedffc8ce\" href=\"https:\/\/asg-ulm.de\/wp-content\/uploads\/2023\/11\/Broschuere-ASG.pdf\">Brosch\u00fcre ASG<\/a><\/div>\n\n\n\n<p><\/p>\n\n\n\n<p class=\"has-small-font-size\"><a href=\"https:\/\/www.ulm.de\/leben-in-ulm\/kinder,-jugend,-familie\/kinderbetreuung\/betreuungsangebote-fuer-schuelerinnen\/mittagstischverpflegung\" data-type=\"link\" data-id=\"https:\/\/www.ulm.de\/leben-in-ulm\/kinder,-jugend,-familie\/kinderbetreuung\/betreuungsangebote-fuer-schuelerinnen\/mittagstischverpflegung\">Informationen zur Mittagtischverpflegung<\/a><\/p>\n\n\n\n<p class=\"has-small-font-size\"><a href=\"http:\/\/www.ding.eu\/smk\" target=\"_blank\" rel=\"noreferrer noopener\">Wichtige Infos zu Deiner Sch\u00fclermonatskarte<\/a><\/p>\n\n\n\n<p class=\"has-small-font-size\"><a href=\"http:\/\/swu.de\/JugendticketBW\">Jugendticket BW<\/a><\/p>\n\n\n\n<p><\/p>\n<\/div>\n\n\n\n<div class=\"wp-block-column is-layout-flow wp-block-column-is-layout-flow\">\n<p><strong>Informationen<\/strong> <strong>zur Beantragung einer Beurlaubung vor und nach Ferien<\/strong> (Ferienverl\u00e4ngerung)<\/p>\n\n\n\n<p class=\"has-small-font-size\">Eine Verl\u00e4ngerung der Ferien, die&nbsp;direkt vor Beginn und direkt im Anschluss&nbsp;an die Ferien beantragt wird, darf&nbsp;von der Schulleitung und den&nbsp;Klassenlehrern prinzipiell aufgrund eindeutiger&nbsp;gesetzlicher Regelungen und Vorgaben&nbsp;<strong>nicht<\/strong>&nbsp;genehmigt werden:<br><\/p>\n\n\n\n<p class=\"has-small-font-size\"><em>\u201e<u>Gem\u00e4\u00df \u00a7 72 Abs. 3 S. 1 Schulgesetz<\/u> f\u00fcr Baden-W\u00fcrttemberg (SchG) erstreckt sich die Schulpflicht auf den regelm\u00e4\u00dfigen Besuch des Unterrichts und der \u00fcbrigen verbindlichen Veranstaltungen der Schule. (&#8230;)<\/em><\/p>\n\n\n\n<p class=\"has-small-font-size\"><em><u>Eine Beurlaubung vom Schulbesuch zur Verl\u00e4ngerung der Ferienzeiten ist nicht vorgesehen. <\/u>Der Wunsch, l\u00e4ngere Ferien oder g\u00fcnstigere Reisezeiten in Anspruch zu nehmen, ist kein \u201ewichtiger pers\u00f6nlicher Grund\u201c, der nach \u00a7 4 Abs. 3 Nr. 9 Schulbesuchsverordnung eine Beurlaubung erm\u00f6glicht.<\/em><\/p>\n\n\n\n<p class=\"has-small-font-size\">Schulen m\u00fcssen die&nbsp;bestehenden schulgesetzlichen Regelungen bei der Pr\u00fcfung eines Antrages ber\u00fccksichtigen, k\u00f6nnen diese nicht au\u00dfer Kraft setzen und sind deshalb nicht frei in der Entscheidung.<\/p>\n<\/div>\n<\/div>\n\n\n\n<div id=\"wp-block-themeisle-blocks-advanced-columns-05893272\" class=\"wp-block-themeisle-blocks-advanced-columns has-2-columns has-desktop-oneTwo-layout has-tablet-equal-layout has-mobile-collapsedRows-layout has-vertical-unset\"><div class=\"wp-block-themeisle-blocks-advanced-columns-overlay\"><\/div><div class=\"innerblocks-wrap\">\n<div id=\"wp-block-themeisle-blocks-advanced-column-88503626\" class=\"wp-block-themeisle-blocks-advanced-column\"><\/div>\n\n\n\n<div id=\"wp-block-themeisle-blocks-advanced-column-ce437e98\" class=\"wp-block-themeisle-blocks-advanced-column\"><\/div>\n<\/div><\/div>\n\n\n\n<p><\/p>\n","protected":false},"excerpt":{"rendered":"<p>Informationen zur Mittagtischverpflegung Wichtige Infos zu Deiner Sch\u00fclermonatskarte Jugendticket BW Informationen zur Beantragung einer Beurlaubung vor und nach Ferien (Ferienverl\u00e4ngerung) Eine Verl\u00e4ngerung der Ferien, die&nbsp;direkt vor Beginn und direkt im Anschluss&nbsp;an die Ferien beantragt wird, darf&nbsp;von der Schulleitung und den&nbsp;Klassenlehrern prinzipiell aufgrund eindeutiger&nbsp;gesetzlicher Regelungen und Vorgaben&nbsp;nicht&nbsp;genehmigt werden: \u201eGem\u00e4\u00df \u00a7 72 Abs. 3 S. 1 Schulgesetz [&hellip;]<\/p>\n","protected":false},"author":4,"featured_media":0,"parent":0,"menu_order":0,"comment_status":"closed","ping_status":"closed","template":"","meta":{"site-sidebar-layout":"default","site-content-layout":"","ast-site-content-layout":"default","site-content-style":"default","site-sidebar-style":"default","ast-global-header-display":"","ast-banner-title-visibility":"","ast-main-header-display":"","ast-hfb-above-header-display":"","ast-hfb-below-header-display":"","ast-hfb-mobile-header-display":"","site-post-title":"","ast-breadcrumbs-content":"","ast-featured-img":"","footer-sml-layout":"","ast-disable-related-posts":"","theme-transparent-header-meta":"","adv-header-id-meta":"","stick-header-meta":"","header-above-stick-meta":"","header-main-stick-meta":"","header-below-stick-meta":"","astra-migrate-meta-layouts":"set","ast-page-background-enabled":"default","ast-page-background-meta":{"desktop":{"background-color":"var(--ast-global-color-4)","background-image":"","background-repeat":"repeat","background-position":"center center","background-size":"auto","background-attachment":"scroll","background-type":"","background-media":"","overlay-type":"","overlay-color":"","overlay-opacity":"","overlay-gradient":""},"tablet":{"background-color":"","background-image":"","background-repeat":"repeat","background-position":"center center","background-size":"auto","background-attachment":"scroll","background-type":"","background-media":"","overlay-type":"","overlay-color":"","overlay-opacity":"","overlay-gradient":""},"mobile":{"background-color":"","background-image":"","background-repeat":"repeat","background-position":"center center","background-size":"auto","background-attachment":"scroll","background-type":"","background-media":"","overlay-type":"","overlay-color":"","overlay-opacity":"","overlay-gradient":""}},"ast-content-background-meta":{"desktop":{"background-color":"var(--ast-global-color-5)","background-image":"","background-repeat":"repeat","background-position":"center center","background-size":"auto","background-attachment":"scroll","background-type":"","background-media":"","overlay-type":"","overlay-color":"","overlay-opacity":"","overlay-gradient":""},"tablet":{"background-color":"var(--ast-global-color-5)","background-image":"","background-repeat":"repeat","background-position":"center center","background-size":"auto","background-attachment":"scroll","background-type":"","background-media":"","overlay-type":"","overlay-color":"","overlay-opacity":"","overlay-gradient":""},"mobile":{"background-color":"var(--ast-global-color-5)","background-image":"","background-repeat":"repeat","background-position":"center center","background-size":"auto","background-attachment":"scroll","background-type":"","background-media":"","overlay-type":"","overlay-color":"","overlay-opacity":"","overlay-gradient":""}},"_themeisle_gutenberg_block_has_review":false,"_mc_calendar":[],"footnotes":""},"class_list":["post-1642","page","type-page","status-publish","hentry"],"_links":{"self":[{"href":"https:\/\/asg-ulm.de\/index.php\/wp-json\/wp\/v2\/pages\/1642","targetHints":{"allow":["GET"]}}],"collection":[{"href":"https:\/\/asg-ulm.de\/index.php\/wp-json\/wp\/v2\/pages"}],"about":[{"href":"https:\/\/asg-ulm.de\/index.php\/wp-json\/wp\/v2\/types\/page"}],"author":[{"embeddable":true,"href":"https:\/\/asg-ulm.de\/index.php\/wp-json\/wp\/v2\/users\/4"}],"replies":[{"embeddable":true,"href":"https:\/\/asg-ulm.de\/index.php\/wp-json\/wp\/v2\/comments?post=1642"}],"version-history":[{"count":20,"href":"https:\/\/asg-ulm.de\/index.php\/wp-json\/wp\/v2\/pages\/1642\/revisions"}],"predecessor-version":[{"id":2876,"href":"https:\/\/asg-ulm.de\/index.php\/wp-json\/wp\/v2\/pages\/1642\/revisions\/2876"}],"wp:attachment":[{"href":"https:\/\/asg-ulm.de\/index.php\/wp-json\/wp\/v2\/media?parent=1642"}],"curies":[{"name":"wp","href":"https:\/\/api.w.org\/{rel}","templated":true}]}}